 26081?
2
What is the hundreds digit of 1506?
5
What is the thousands digit of 45567?
5
What is the units digit of 4283?
3
What is the units digit of 48472?
2
What is the hundreds digit of 5461?
4
What is the tens digit of 25981?
8
What is the ten thousands digit of 33890?
3
What is the units digit of 747?
7
What is the ten thousands digit of 14674?
1
What is the tens digit of 582?
8
What is the hundreds digit of 946?
9
What is the hundreds digit of 16752?
7
What is the hundreds digit of 83031?
0
What is the tens digit of 15266?
6
What is the tens digit of 92313?
1
What is the hundreds digit of 543?
5
What is the thousands digit of 2542?
2
What is the tens digit of 937?
3
What is the units digit of 11223?
3
What is the units digit of 4?
4
What is the units digit of 424?
4
What is the hundreds digit of 10583?
5
What is the ten thousands digit of 27885?
2
What is the hundreds digit of 2069?
0
What is the ten thousands digit of 16115?
1
What is the tens digit of 917?
1
What is the units digit of 28114?
4
What is the hundreds digit of 21694?
6
What is the hundreds digit of 10839?
8
What is the ten thousands digit of 19104?
1
What is the units digit of 75446?
6
What is the tens digit of 6878?
7
What is the tens digit of 2750?
5
What is the tens digit of 39196?
9
What is the hundred thousands digit of 110412?
1
What is the units digit of 15560?
0
What is the thousands digit of 7510?
7
What is the hundreds digit of 29505?
5
What is the ten thousands digit of 44767?
4
What is the thousands digit of 26689?
6
What is the tens digit of 1026?
2
What is the units digit of 5181?
1
What is the hundreds digit of 392?
3
What is the ten thousands digit of 36252?
3
What is the hundreds digit of 465?
4
What is the units digit of 173788?
8
What is the hundreds digit of 1400?
4
What is the units digit of 3555?
5
What is the thousands digit of 16365?
6
What is the thousands digit of 6332?
6
What is the hundreds digit of 14492?
4
What is the tens digit of 54?
5
What is the ten thousands digit of 17523?
1
What is the units digit of 4842?
2
What is the thousands digit of 2768?
2
What is the units digit of 5830?
0
What is the ten thousands digit of 11127?
1
What is the tens digit of 60330?
3
What is the units digit of 15516?
6
What is the ten thousands digit of 75989?
7
What is the units digit of 332?
2
What is the ten thousands digit of 35043?
3
What is the tens digit of 38426?
2
What is the units digit of 95789?
9
What is the hundreds digit of 16609?
6
What is the tens digit of 6627?
2
What is the hundreds digit of 289?
2
What is the ten thousands digit of 42965?
4
What is the thousands digit of 25971?
5
What is the hundreds digit of 25242?
2
What is the units digit of 4524?
4
What is the thousands digit of 1593?
1
What is the units digit of 6607?
7
What is the tens digit of 2338?
3
What is the hundreds digit of 256?
2
What is the thousands digit of 5837?
5
What is the tens digit of 9391?
9
What is the tens digit of 1243?
4
What is the thousands digit of 1754?
1
What is the hundreds digit of 129?
1
What is the thousands digit of 4379?
4
What is the units digit of 549?
9
What is the hundred thousands digit of 106490?
1
What is the hundreds digit of 3278?
2
What is the hundreds digit of 77997?
9
What is the units digit of 42478?
8
What is the hundreds digit of 709?
7
What is the hundreds digit of 946?
9
What is the tens digit of 5534?
3
What is the tens digit of 18967?
6
What is the tens digit of 20821?
2
What is the units digit of 36358?
8
What is the units digit of 505?
5
What is the hundreds digit of 11403?
4
What is the thousands digit of 5043?
5
What is the hundreds digit of 17841?
8
What is the thousands digit of 199236?
9
What is the units digit of 2262?
2
What is the units digit of 280?
0
What is the tens digit of 10458?
5
What is the ten thousands digit of 115056?
1
What is the hundreds digit of 4121?
1
What is the thousands digit of 2076?
2
What is the tens digit of 733?
3
What is the tens digit of 20108?
0
What is the thousands digit of 127924?
7
What is the tens digit of 9705?
0
What is the hundreds digit of 6319?
3
What is the hundreds digit of 841?
8
What is the hundreds digit of 1195?
1
What is the thousands digit of 1157?
1
What is the hundreds digit of 118?
1
What is the units digit of 982?
2
What is the ten thousands digit of 30780?
3
What is the tens digit of 525?
2
What is the tens digit of 3603?
0
What is the tens digit of 24790?
9
What is the thousands digit of 10739?
0
What is the hundreds digit of 7844?
8
What is the thousands digit of 169246?
9
What is the tens digit of 4391?
9
What is the hundreds digit of 216?
2
What is the units digit of 941?
1
What is the hundreds digit of 1228?
2
What is the units digit of 128028?
8
What is the units digit of 80785?
5
What is the tens digit of 19656?
5
What is the tens digit of 1466?
6
What is the units digit of 14154?
4
What is the hundreds digit of 406?
4
What is the thousands digit of 54602?
4
What is the thousands digit of 72980?
2
What is the units digit of 118?
8
What is the units digit of 8824?
4
What is the tens digit of 1300?
0
What is the tens digit of 17?
1
What is the ten thousands digit of 10103?
1
What is the tens digit of 57387?
8
What is the hundreds digit of 440?
4
What is the units digit of 334?
4
What is the tens digit of 619?
1
What is the tens digit of 13428?
2
What is the units digit of 100916?
6
What is the thousands digit of 2596?
2
What is the thousands digit of 1530?
1
What is the ten thousands digit of 11832?
1
What is the tens digit of 15053?
5
What is the ten thousands digit of 31045?
3
What is the units digit of 383?
3
What is the units digit of 131?
1
What is the thousands digit of 2653?
2
What is the ten thousands digit of 23846?
2
What is the units digit of 88032?
2
What is the tens digit of 6199?
9
What is the hundreds digit of 810?
8
What is the hundreds digit of 1696?
6
What is the units digit of 4485?
5
What is the tens digit of 2350?
5
What is the hundreds digit of 1498?
4
What is the units digit of 37?
7
What is the hundreds digit of 832?
8
What is the tens digit of 62?
6
What is the hundreds digit of 23074?
0
What is the hundreds digit of 31395?
3
What is the hundreds digit of 9534?
5
What is the thousands digit of 29100?
9
What is the ten thousands digit of 30756?
3
What is the thousands digit of 119932?
9
What is the thousands digit of 5943?
5
What is the hundreds digit of 2000?
0
What is the thousands digit of 2207?
2
What is the units digit of 8328?
8
What is the thousands digit of 5401?
5
What is the ten thousands digit of 47557?
4
What is the units digit of 8550?
0
What is the ten thousands digit of 10989?
1
What is the units digit of 1006?
6
What is the tens digit of 180?
8
What is the units digit of 17489?
9
What is the hundreds digit of 6854?
8
What is the thousands digit of 10541?
0
What is the tens digit of 1780?
8
What is the hundreds digit of 1404?
4
What is the hundreds digit of 2371?
3
What is the tens digit of 6650?
5
What is the hundreds digit of 32453?
4
What is the hundreds digit of 34316?
3
What is the thousands digit of 1888?
1
What is the units digit of 37508?
8
What is the units digit of 19311?
1
What is the tens digit of 5252?
5
What is the tens digit of 6538?
3
What is the units digit of 101?
1
What is the hundreds digit of 359?
3
What is the thousands digit of 8884?
8
What is the units digit of 12010?
0
What is the tens digit of 6208?
0
What is the units digit of 15100?
0
What is the units digit of 1794?
4
What is the thousands digit of 6187?
6
What is the hundreds digit of 9290?
2
What is the units digit of 5498?
8
What is the ten thousands digit of 10442?
1
What is the units digit of 3302?
2
What is the thousands digit of 8398?
8
What is the tens digit of 9623?
2
What is the hundreds digit of 66258?
2
What is the units digit of 1582?
2
What is the hundreds digit of 81239?
2
What is the ten thousands digit of 18747?
1
What is the hundreds digit of 7983?
9
What is the tens digit of 3960?
6
What is the units digit of 716?
6
What is the tens digit of 659?
5
What is the units digit of 13541?
1
What is the ten thousands digit of 105457?
0
What is the tens digit of 15379?
7
What is the units digit of 882?
2
What is the hundreds digit of 9652?